
Calculate the remainder when 1075 is divided by 22.
19
Calculate the remainder when 131 is divided by 22.
21
What is the remainder when 148 is divided by 78?
70
What is the remainder when 1233 is divided by 13?
11
What is the remainder when 58 is divided by 44?
14
Calculate the remainder when 72 is divided by 41.
31
What is the remainder when 651 is divided by 13?
1
What is the remainder when 73 is divided by 24?
1
Calculate the remainder when 3 is divided by 2.
1
What is the remainder when 105 is divided by 46?
13
Calculate the remainder when 294 is divided by 32.
6
Calculate the remainder when 274 is divided by 33.
10
Calculate the remainder when 44 is divided by 20.
4
What is the remainder when 177 is divided by 79?
19
What is the remainder when 88 is divided by 48?
40
Calculate the remainder when 67 is divided by 17.
16
What is the remainder when 5733 is divided by 1431?
9
Calculate the remainder when 933 is divided by 297.
42
What is the remainder when 1591 is divided by 99?
7
What is the remainder when 1597 is divided by 28?
1
Calculate the remainder when 15022 is divided by 12.
10
What is the remainder when 342 is divided by 70?
62
What is the remainder when 1581 is divided by 36?
33
What is the remainder when 101 is divided by 21?
17
Calculate the remainder when 247 is divided by 55.
27
What is the remainder when 1044 is divided by 71?
50
Calculate the remainder when 4259 is divided by 355.
354
What is the remainder when 2799 is divided by 23?
16
Calculate the remainder when 27 is divided by 12.
3
What is the remainder when 148 is divided by 24?
4
What is the remainder when 3430 is divided by 78?
76
What is the remainder when 382 is divided by 7?
4
Calculate the remainder when 164 is divided by 55.
54
Calculate the remainder when 4397 is divided by 8.
5
Calculate the remainder when 862 is divided by 32.
30
What is the remainder when 478 is divided by 13?
10
What is the remainder when 95 is divided by 18?
5
What is the remainder when 1008 is divided by 326?
30
Calculate the remainder when 142 is divided by 115.
27
Calculate the remainder when 300 is divided by 95.
15
Calculate the remainder when 158 is divided by 58.
42
What is the remainder when 2479 is divided by 2460?
19
Calculate the remainder when 172 is divided by 53.
13
What is the remainder when 934 is divided by 187?
186
What is the remainder when 201 is divided by 82?
37
Calculate the remainder when 347 is divided by 50.
47
Calculate the remainder when 9201 is divided by 86.
85
What is the remainder when 19294 is divided by 16?
14
What is the remainder when 551 is divided by 268?
15
Calculate the remainder when 531 is divided by 112.
83
What is the remainder when 221 is divided by 55?
1
Calculate the remainder when 389 is divided by 121.
26
Calculate the remainder when 13 is divided by 11.
2
What is the remainder when 163 is divided by 96?
67
What is the remainder when 1535 is divided by 508?
11
Calculate the remainder when 19 is divided by 12.
7
What is the remainder when 38 is divided by 21?
17
What is the remainder when 1476 is divided by 7?
6
Calculate the remainder when 49 is divided by 33.
16
Calculate the remainder when 3597 is divided by 449.
5
What is the remainder when 138 is divided by 11?
6
Calculate the remainder when 999 is divided by 43.
10
What is the remainder when 1051 is divided by 157?
109
Calculate the remainder when 979 is divided by 42.
13
Calculate the remainder when 128 is divided by 66.
62
What is the remainder when 2 is divided by 2?
0
What is the remainder when 149 is divided by 116?
33
What is the remainder when 764 is divided by 45?
44
What is the remainder when 3188 is divided by 24?
20
What is the remainder when 12329 is divided by 48?
41
Calculate the remainder when 207 is divided by 11.
9
What is the remainder when 637 is divided by 22?
21
Calculate the remainder when 49 is divided by 38.
11
Calculate the remainder when 405 is divided by 131.
12
Calculate the remainder when 331 is divided by 32.
11
Calculate the remainder when 169 is divided by 45.
34
What is the remainder when 3544 is divided by 24?
16
Calculate the remainder when 72 is divided by 26.
20
What is the remainder when 368 is divided by 70?
18
What is the remainder when 203 is divided by 14?
7
What is the remainder when 1278 is divided by 182?
4
Calculate the remainder when 3191 is divided by 7.
6
Calculate the remainder when 3422 is divided by 1137.
11
What is the remainder when 213 is divided by 17?
9
What is the remainder when 43 is divided by 2?
1
Calculate the remainder when 177 is divided by 13.
8
Calculate the remainder when 26 is divided by 19.
7
Calculate the remainder when 103 is divided by 17.
1
Calculate the remainder when 72 is divided by 15.
12
What is the remainder when 218 is divided by 20?
18
What is the remainder when 3612 is divided by 26?
24
What is the remainder when 269 is divided by 23?
16
What is the remainder when 1421 is divided by 110?
101
What is the remainder when 55 is divided by 8?
7
Calculate the remainder when 617 is divided by 342.
275
Calculate the remainder when 803 is divided by 58.
49
Calculate the remainder when 332 is divided by 164.
4
What is the remainder when 173 is divided by 25?
23
What is the remainder when 20006 is divided by 81?
80
What is the remainder when 617 is divided by 23?
19
What is the remainder when 37 is divided by 21?
16
What is the remainder when 389 is divided by 39?
38
What is the remainder when 1580 is divided by 786?
8
Calculate the remainder when 2080 is divided by 261.
253
Calculate the remainder when 194 is divided by 57.
23
Calculate the remainder when 41 is divided by 13.
2
What is the remainder when 258 is divided by 20?
18
Calculate the remainder when 875 is divided by 44.
39
Calculate the remainder when 2826 is divided by 123.
120
Calculate the remainder when 51 is divided by 24.
3
Calculate the remainder when 5721 is divided by 53.
50
What is the remainder when 96 is divided by 28?
12
What is the remainder when 1370 is divided by 55?
50
Calculate the remainder when 1134 is divided by 277.
26
What is the remainder when 4398 is divided by 314?
2
Calculate the remainder when 274 is divided by 259.
15
Calculate the remainder when 1294 is divided by 59.
55
Calculate the remainder when 173 is divided by 5.
3
Calculate the remainder when 6885 is divided by 41.
38
Calculate the remainder when 285 is divided by 16.
13
What is the remainder when 143 is divided by 83?
60
Calculate the remainder when 81 is divided by 57.
24
What is the remainder when 262 is divided by 120?
22
What is the remainder when 383 is divided by 13?
6
What is the remainder when 1431 is divided by 707?
17
Calculate the remainder when 233 is divided by 120.
113
Calculate the remainder when 276 is divided by 88.
12
Calculate the remainder when 670 is divided by 28.
26
Calculate the remainder when 937 is divided by 37.
12
What is the remainder when 123 is divided by 23?
8
What is the remainder when 3782 is divided by 9?
2
What is the remainder when 430 is divided by 53?
6
Calculate the remainder when 877 is divided by 278.
43
Calculate the remainder when 70 is divided by 9.
7
What is the remainder when 384 is divided by 23?
16
What is the remainder when 17 is divided by 9?
8
What is the remainder when 1917 is divided by 160?
157
What is the remainder when 152 is divided by 22?
20
Calculate the remainder when 627 is divided by 594.
33
Calculate the remainder when 72 is divided by 16.
8
What is the remainder when 5504 is divided by 1833?
5
Calculate the remainder when 1155 is divided by 19.
15
What is the remainder when 280 is divided by 101?
78
Calculate the remainder when 3028 is divided by 69.
61
What is the remainder when 1364 is divided by 76?
72
What is the remainder when 115 is divided by 29?
28
What is the remainder when 73 is divided by 25?
23
Calculate the remainder when 214 is divided by 90.
34
What is the remainder when 2425 is divided by 484?
5
Calculate the remainder when 295 is divided by 96.
7
Calculate the remainder when 1349 is divided by 672.
5
What is the remainder when 3946 is divided by 14?
12
What is the remainder when 1576 is divided by 156?
16
Calculate the remainder when 699 is divided by 232.
3
Calculate the remainder 